k**3 - 15*k**2 - 12*k - 132. What is the remainder when g(17) is divided by 218?
24
What is the remainder when 349 is divided by ((-2)/(-2))/((-40)/(-150))*4?
4
Suppose -1404 = -2407*t + 2173*t. Suppose 2*n = 5*v - 588, -237 = -v - v - n. Calculate the remainder when v is divided by t.
4
Let c(r) = -5*r + 54. Let v be c(12). Suppose 0 = -5*u + 2*u + 15. What is the remainder when (-2)/v + 6/18*53 is divided by u?
3
Let p = -284 + 280. What is the remainder when 95 is divided by -98*p*(-2)/(-16)?
46
Suppose -327 = 22*g - 1581. Calculate the remainder when 150 is divided by g.
36
Let d = 75 + -60. Let r(v) = 4*v - 5. Let m be r(2). Suppose -m - 40 = -c. What is the remainder when c is divided by d?
13
Suppose -v - 7*d = -6*d - 126, 0 = 4*v + 2*d - 506. What is the remainder when v is divided by 24?
7
Calculate the remainder when 184 is divided by -4*1/(-16)*188.
43
Let y(j) = j**2 + 19*j + 115. Let q be y(-21). Suppose -3*r - 2*l = -l - q, 220 = 4*r + 4*l. Calculate the remainder when 194 is divided by r.
41
Suppose 186 = 5*m + m. Suppose 5*x - 5 = z, 10 = 2*x + 3*z - 9. Suppose -5*v = -x*j + 32, 32 = -0*j + 2*j + v. Calculate the remainder when m is divided by j.
15
What is the remainder when 207 is divided by -7*407/(-77) + 6?
35
Suppose 6310 = 13*t - 23*t. Let k = 804 + t. Calculate the remainder when k is divided by 30.
23
Let k(q) = 2*q + 48. Suppose -18*h = 12*h - 1350. What is the remainder when h is divided by k(-15)?
9
Let w be 387/(-6)*(-5 - 26/(-6)). Suppose q + 788 = 3*i, -w*i = -39*i - q - 1051. What is the remainder when i is divided by 53?
51
Suppose 7*k - 8 = 944. What is the remainder when k is divided by 40?
16
Suppose -2*j - 30 - 15 = -3*c, -43 = -4*c - 3*j. Let w(b) = -b**3 + 4 - 86*b + 1 + 15*b**2 + 67*b + 0. Calculate the remainder when w(c) is divided by 11.
8
Let x(d) = d + 8. Let z be x(-5). Let j(i) = 16 - 3*i + 2*i**z - 10 + 6*i + 7*i**2. What is the remainder when 59 is divided by j(-3)?
5
Let c(j) = -j**3 + 14*j**2 + 59*j - 422. What is the remainder when 885 is divided by c(16)?
5
Let x(n) = n**3 + 3*n**2 + 5*n + 10. Let i be x(-3). Calculate the remainder when 166 + -9 + (i - -12) is divided by 55.
54
Let c(g) = 4*g**3 + 111*g**2 - 31*g - 43. Suppose 2*w = 4, -n = -2*n - w + 12. Suppose 4*u = 34 + n. Calculate the remainder when c(-28) is divided by u.
8
Suppose -16 = 5*a - 4*z, 3*a + z = -0*z + 4. Suppose a = 69*d - 70*d + 58. Suppose 3*b + b = 124. What is the remainder when d is divided by b?
27
Suppose -r = 3*u + 672, -680 = r + 4*u - 5*u. Let t = -449 - r. What is the remainder when t is divided by 27?
13
Suppose -9*h + 13*h - 68 = 0. Suppose -3*a - 2282 = -h*a. Let x = a + -1. What is the remainder when x is divided by 41?
39
Let m(w) = 9*w + 9. Let k be m(-8). Let z = -42 - k. Suppose 481 = 5*s + z. Calculate the remainder when s is divided by 31.
30
Let z = -20032 + 20460. What is the remainder when z is divided by 16?
12
Let u(g) = 2057*g + 11569. Calculate the remainder when u(-5) is divided by 16.
4
Calculate the remainder when 72 is divided by (2/4)/(17/204).
0
Let g = 1497 + -1361. What is the remainder when g is divided by 21?
10
Let d = 3 - -14. Let m(v) = -v**3 + 17*v**2 + 3*v + 20. Calculate the remainder when m(d) is divided by 18.
17
Suppose 1459 = 79*d + 116. What is the remainder when 73 is divided by d?
5
Let j = 4052 + -4015. Let i = 2 - -8. What is the remainder when j is divided by i?
7
Let z(g) = 5*g**2 + 95*g - 176. What is the remainder when z(-26) is divided by 152?
126
Suppose -j = -3, -4*j = -x + 5*x - 80. Suppose -v + 5*s = 43, -v + 3*s - 8 = 5*s. What is the remainder when (32/3)/((-22)/v + -1) is divided by x?
14
What is the remainder when 680/1 - (12 + -27 + 20) is divided by 235?
205
Suppose -123 = -7*f + 73. Let l = 107 - f. Let u = l - 65. What is the remainder when 51 is divided by u?
9
Let h(y) = -3*y**2 + 83*y + 62. Let n be -6*140/(-12)*(-2)/(-5). Calculate the remainder when 189 is divided by h(n).
19
Let u(o) = o**2 + 3*o - 6. Let d be u(3). What is the remainder when 89 is divided by 20/d + (-2)/3 - -22?
20
Suppose 0 = 2*r - r + 5*i - 38, -147 = -3*r - 4*i. Let k = 2 - -5. Calculate the remainder when r is divided by -2 + (3 - k) - -25.
15
Let j = 302 + -225. Let z = -2135 + 1251. Calculate the remainder when j is divided by z/(-22) + 12/(-66).
37
Let n(f) = 30*f**2 - 2*f + 10. Let j be n(3). Suppose -j = -18*s + 86. What is the remainder when 39 is divided by s?
19
Suppose 660 = 4*m + 6*m. Suppose -2*o - m = 6. Let w = o + 37. Calculate the remainder when 1 is divided by w.
0
Let k(p) = p. Let q be k(-15). Calculate the remainder when 211 is divided by (36/q)/(-6) - (-1578)/30.
52
Let k be (-4)/(-8) + 10/4. Let w(u) = -9*u - 18. Let v be w(k). What is the remainder when 22*(v/(-6))/5 is divided by 17?
16
Let d = 5589 + -5571. What is the remainder when 532 is divided by d?
10
What is the remainder when 259/2*(-18)/(-2)*(-4)/(-9) is divided by 9?
5
Let d(c) be the first derivative of -c**4 - 6*c**3 + 4*c**2 + 9*c - 215. Calculate the remainder when d(-5) is divided by 3.
1
Let s = -69 - -185. Let i = 165 - s. Let n(c) = -c**3 + 12*c**2 - 3*c - 72. What is the remainder when n(9) is divided by i?
46
Suppose -6*t = -1433 + 365. Let h = t + -175. Calculate the remainder when 16 is divided by h.
1
Let y(t) = -75*t + 3610. Calculate the remainder when 390 is divided by y(48).
0
Suppose 38*u + 2*f - 21 = 35*u, 0 = -u - 4*f + 17. Calculate the remainder when u is divided by 4.
1
Suppose 10*n - 54 - 216 = 0. Let p(q) = q**2 - 6*q - 3. What is the remainder when p(-9) is divided by n?
24
Suppose 3*n + 117 - 218 = -2*p, -79 = -2*n + p. What is the remainder when n is divided by 21?
16
What is the remainder when 1588 is divided by 1/(664/(-1032) - 20/(-30))?
40
Suppose 5*b = -2*x + 6102, -3*x - 17*b + 15*b = -9120. What is the remainder when x is divided by 18?
12
Let g(x) = 13*x + 34 - 7*x + 2*x**2 + 0*x**2 - 11*x. What is the remainder when 78 is divided by g(3)?
4
Suppose l - 3605 + 532 = k, l - 3079 = 2*k. Calculate the remainder when l is divided by 16.
11
Let i(p) = p**3 + 3*p**2 - 29*p + 9. Let c be i(-7). Suppose -5*b - 1771 = -c*b. What is the remainder when b is divided by 27?
26
Suppose -u = 4*u - 40. Suppose 11 = -u*b + 139. Suppose -49 + b = -3*g. Calculate the remainder when 108 is divided by g.
9
Calculate the remainder when 7252 is divided by (31/(1/(-1)))/(175/(-175)).
29
Let u be 2 + (1 - (-4 + 4)). Suppose -u*z - 1570 = 2*z. Calculate the remainder when 84 is divided by z/(-14) + 4/7.
15
Suppose 417 + 313 = 3*v - 5*s, 5*s = 5*v - 1220. Suppose -3*o = -7*o - 644. Let j = o + v. What is the remainder when j is divided by 22?
18
Let g(a) = 2*a**2 + 53*a + 238. What is the remainder when 1188 is divided by g(-21)?
5
Let s be ((-3)/(-5))/(3/10). Let w be s*(3 - 55/10). What is the remainder when 192 is divided by 51 + (-4 - -7) + w?
45
Let t(n) = n + 3. Let s be t(-6). Let u(v) = -14*v - 28. Let m be u(s). Suppose 0 = -9*j + m*j - 105. Calculate the remainder when 62 is divided by j.
20
What is the remainder when (1974/21)/(4 - 30/9) is divided by (-16*(-3)/2)/1?
21
Suppose 5*u + 6554 = -3*u + 15594. Calculate the remainder when u is divided by 27.
23
Let a(u) = 156*u - 6. Let j be a(-7). Let k = -646 - j. Suppose -4*v = -5*z + k, -z - 2*v = 4*z - 464. What is the remainder when z is divided by 32?
28
Suppose -r - 2 = -4. Let u = 349 + -339. Calculate the remainder when r/(-9) + 146/9 is divided by u.
6
Let z(o) = -1365*o + 16444. Suppose 0 = 2*q + j - 3*j - 506, -j = 4. What is the remainder when q is divided by z(12)?
57
Suppose 9*m + 4*m - 663 = 0. Let u = -4 + m. What is the remainder when (-26819)/(-143) + 6/(-11) is divided by u?
46
Suppose -47*t + 24564 = 45*t. Calculate the remainder when 814 is divided by t.
13
Suppose -322*r + 2601 = 275 + 72. What is the remainder when (0/1)/1 - -31 is divided by r?
3
Suppose -2*f = -28 - 132. Suppose -4*a - r = -f, r + 6 = a - 19. What is the remainder when 145 is divided by a?
19
Suppose 18*g - 21*g + 66 = 5*z, 2*g = -5*z + 44. Let o(l) = -l**2 - 6*l - 1. What is the remainder when g is divided by o(-4)?
1
Let r be (4/6)/((-3)/(-117)). What is the remainder when -14 - 1130/(-80) - 414/(-16) is divided by (-91)/r*(-1 